n f(c) is divided by k(3)?
14
Let m = 287 - 269. What is the remainder when 62 is divided by m?
8
Let o(d) = -7*d + 4. Let t(y) be the second derivative of y**3/3 + 13*y**2 + 41*y. What is the remainder when o(-7) is divided by t(-6)?
11
Suppose -8 + 0 = -2*c. Suppose 86 = 3*s + 3*y + 17, 20 = s + 4*y. Suppose -3*q - s = -6*q. What is the remainder when q is divided by c?
0
Suppose d + 62 = -3*f + 219, -4*f - 4*d + 212 = 0. Calculate the remainder when f is divided by 24.
4
Suppose 3*d - 2*o - 129 = -5*o, -2*d - 3*o = -89. Suppose -5*x = w - d - 77, x - 2*w - 19 = 0. Let j = 7 + -1. What is the remainder when x is divided by j?
5
Suppose -2*x = 2*x - 52. Let b(t) = 6*t - 22. Calculate the remainder when b(x) is divided by 15.
11
What is the remainder when (4/8)/((-4)/(-472)) is divided by 6?
5
Calculate the remainder when 196 is divided by 379/6 + 7/(-42) - 0.
7
Let t(y) = -10*y - 65. What is the remainder when t(-13) is divided by 19?
8
Let r(q) = -51*q + 1. Let a be 3/12 + 10/(-8). Calculate the remainder when r(a) is divided by 11.
8
Let j be 14/(-49) + 428/28. Let x(l) = l**3 - 14*l**2 - 13*l - 13. What is the remainder when 83 is divided by x(j)?
15
Suppose 531*a - 563*a + 9120 = 0. Calculate the remainder when a is divided by 31.
6
Let p = 80 - -313. Suppose 176 = 4*g - 2*v - 130, -v + p = 5*g. Let x(k) = 9*k + 2. Calculate the remainder when g is divided by x(2).
18
Suppose -4*t + 4*j + 236 = -196, 5*j = -3*t + 324. What is the remainder when t is divided by 69?
39
Let a(q) = 18*q - 42. Calculate the remainder when 177 is divided by a(4).
27
Suppose 89*c - 102*c = -832. Calculate the remainder when 375 is divided by c.
55
Suppose -6 = -2*y - 2. Suppose -8 = y*z, -5*h = -z - 32 - 152. Let g = 166 - 153. What is the remainder when h is divided by g?
10
Suppose -31*y + 21*y + 430 = 0. Suppose 345 = 2*w - 5*b, 0*w = -w - 5*b + 165. Calculate the remainder when w is divided by y.
41
Let a be (15/60)/((-1)/(-20)). Let k be (6 - 2)/(2/a). Let p = 25 - k. What is the remainder when p is divided by 9?
6
What is the remainder when 1189 is divided by 4/30 + (-14732)/(-435)?
33
Let s = 6 - 3. Suppose 0 = -s*k - 3*n + 36, 3*k = 3*n + 39 + 3. Calculate the remainder when k is divided by (12/10)/(36/240).
5
Suppose -3*x = k - 81, 4*k = x - 55 + 41. What is the remainder when 2/(-6) + 840/9 is divided by x?
15
Let b(d) = d**2 - 6*d - 8. Let p be b(6). Let u = -4 - p. Suppose 40 - 4 = 4*x. What is the remainder when x is divided by u?
1
Suppose -4*r = -5*a + 146, -2*r + 143 + 9 = 5*a. Let n = -8 + a. Let f = 854 - 769. Calculate the remainder when f is divided by n.
19
What is the remainder when 6*10 + -1 + -1 is divided by (-1)/(-29) + (-6019)/(-377)?
10
Let o(q) = q**3 + 6*q**2 - q - 5. Let d be o(-5). Let j = d - -15. Let i = j + -17. What is the remainder when i is divided by 6?
5
Suppose -5*d + 4*r = 146, 96 = -4*d - r - 25. What is the remainder when 24 is divided by (21/35)/((-2)/d)?
6
Let d(f) = f**2 - 4*f + 41. Calculate the remainder when d(13) is divided by 56.
46
Suppose 3*q = -4*x + 1836, 12*q - 11*q + 1836 = 4*x. Calculate the remainder when x is divided by 22.
19
Suppose 17 - 13 = 2*u. Suppose -5*z - 55 = -u*i, -z - 107 = -3*i - 31. Calculate the remainder when 48 is divided by i.
23
Let j be 1/((-21)/(-6)) + (-15676)/(-14). Suppose j = f + 6*f. Calculate the remainder when f is divided by 23.
22
Suppose -5*l + l = 4*d - 224, -3*d + 64 = l. Suppose i + l = 3*i. Let o = i - 14. What is the remainder when 47 is divided by o?
11
Suppose 6 = 8*u - 6*u. Suppose -u - 5 = -8*a. Calculate the remainder when 4 is divided by a.
0
Suppose 0 = 120*v - 116*v - 1224. What is the remainder when v is divided by 31?
27
Let d(o) = -21*o. Let j(w) = -w**2 - 7*w + 18. What is the remainder when d(-3) is divided by j(-7)?
9
Let y = 299 + -293. Calculate the remainder when y is divided by 2.
0
Let n(r) = r**2 + 8*r + 4. Let i be n(-12). Suppose -6*h + i = -230. Calculate the remainder when h is divided by (-4)/6*(-18)/1.
11
Suppose 3*g = 9*g - 144. Suppose -25*f + g*f = -39. Calculate the remainder when f is divided by 15.
9
Let b = -189 + 246. Calculate the remainder when b is divided by 2/11 - 1017/(-33).
26
Suppose -2*c + 83 = 3*j - 6*c, -110 = -5*j + c. Let p = j + -10. Suppose -105 = -7*l + 2*l. What is the remainder when l is divided by p?
10
Suppose 3*v - 16 = -5*f, 2*f + 4*v - 9 = 3. Suppose j + 2 = f*j. What is the remainder when (-16)/6*6/(-2) is divided by j?
0
Suppose 5*j + 0 = 25. Suppose 1 = -j*a - 4*n + 16, -48 = -4*a + 4*n. Let x(r) = 10*r + 9. Calculate the remainder when x(a) is divided by 20.
19
Let d be (495/(-9))/(2 - (4 - 3)). Let v = 91 + d. Calculate the remainder when v is divided by 8.
4
Let z = 0 - -16. Suppose z = p + 3. Calculate the remainder when p is divided by (-28)/(-20)*(4 + 1).
6
Let g be 35/(-3) + 13/(-39). Let n = g + 41. What is the remainder when 9/54 + 1378/12 is divided by n?
28
Let r(p) = -p**2 + 2*p**2 + 26 - 27. Calculate the remainder when r(5) is divided by 14.
10
Suppose 0 = -3*s + 40 + 158. Let z = s + -59. Suppose -5*p = 4*i - 85, 2*i = -4*p + i + 57. What is the remainder when p is divided by z?
6
Let m(r) = r**3 - 9*r**2 + 14*r + 3. What is the remainder when m(8) is divided by 21?
9
Suppose -4*i + 214*u = 215*u - 1896, -i + 2*u = -483. What is the remainder when i is divided by 33?
13
Calculate the remainder when 0 - (4 - 2)*-17 is divided by 9.
7
Let n be (-1)/(-2)*3*34. Suppose 0 = -22*x + 12*x + 250. Let s = n - x. What is the remainder when 100 is divided by s?
22
Suppose 0 = 5*l + 36 + 154. Let r = -27 - l. What is the remainder when 19 is divided by r?
8
What is the remainder when (-6 - -9)/(-1)*(-53)/3 is divided by 28?
25
Let j = -723 - -724. What is the remainder when 9 is divided by j?
0
Let n = -38 - -21. Let p be (-102)/9 + (-2)/3. Let w = p - n. What is the remainder when w is divided by 4?
1
Let b(s) = 2*s**2 + 3*s - 1. Let l(j) = j - 6. Let m be l(12). Suppose -53 - 7 = -m*t. Calculate the remainder when b(3) is divided by t.
6
What is the remainder when 809 is divided by ((-189)/81)/(1 - 4/3)?
4
Let w = 164 + -66. Suppose 0 = 4*r + 25 - 9. Let f(a) = -4*a + 9. What is the remainder when w is divided by f(r)?
23
Let g(b) = b + 4. Let o be g(0). Let c be 354/o + (-12)/(-8). Suppose c = 2*u - 22. Calculate the remainder when u is divided by 19.
18
Suppose 39 = 5*x + 4*l - 273, 0 = -5*x - 5*l + 310. Calculate the remainder when x is divided by 21.
1
Suppose -10*b + 592 = -1068. Calculate the remainder when b is divided by 34.
30
Let k = 31 - 34. What is the remainder when (-114)/(3 + -6) - k is divided by 23?
18
Let a = 12 - 20. Let v be (a + 9)*(0 + -1). What is the remainder when v/3*-3*121 is divided by 31?
28
Suppose 3*j + 5*d - 382 = -0, -2*d + 662 = 5*j. Calculate the remainder when j is divided by 45.
44
Suppose 5*u - 40 = 50. Calculate the remainder when ((-4)/(-3) + (-19)/(-114))*(-700)/(-21) is divided by u.
14
Let u be ((-66)/(-3))/((-6)/(-27)). Suppose 18*q = 15*q + u. What is the remainder when q is divided by 17?
16
Suppose -16398 = -98*x + 12120. Calculate the remainder when 296 is divided by x.
5
Suppose -705 = -9*f - 318. Calculate the remainder when 859 is divided by f.
42
Let v = 26 - 19. What is the remainder when 69 is divided by v?
6
Let n = 60 + -60. Suppose -2*m = 2*m + 3*d - 83, n = -4*m + 5*d + 75. Calculate the remainder when 219 is divided by m.
19
Let b = -19 - -24. Suppose -u + 16 = b. Calculate the remainder when 42 is divided by u.
9
Suppose 0 = -4*p - q + 178, 3*q + 66 = 3*p - 75. What is the remainder when p is divided by 32?
13
Let y(q) be the first derivative of -q**3/3 - 3*q**2 - 5*q - 1. Let i be y(-5). Suppose i = -5*d + 18 + 57. What is the remainder when 56 is divided by d?
11
What is the remainder when (-6)/27 + (-6378)/(-27) is divided by (3/(-12))/1 + (-137)/(-4)?
32
Suppose 2*l + 9 = 3*r, 2*r - 9 = -l + 4. Let y(k) = k**2 + 3*k + 5. Calculate the remainder when y(-2) is divided by l.
0
Let t(w) = w**3 - 6*w**2 + 12. Calculate the remainder when 201 is divided by t(6).
9
Suppose 2*j + 2*u = 260, -3*j = -u + 2*u - 386. Let b = 148 - j. Suppose 103 = 3*o + 2*n, 5*o + 5*n = o + 128. What is the remainder when o is divided by b?
17
Let y = -1005 - -102